omposite?
False
Let o be -157*(6/(-2) - -2). Let t = o - 60. Is t a prime number?
True
Suppose -g = 3*k - 229, -2*g - 8*k = -3*k - 456. Is g composite?
False
Let t(g) be the third derivative of -13*g**5/30 + g**4/24 + g**3/6 + 2*g**2. Let a(r) be the first derivative of t(r). Is a(-3) prime?
True
Suppose -3*y + 167 = 3*v - 781, -4*y - 5*v = -1267. Let k = -194 + y. Is k a composite number?
True
Let g be 3/12 - (-14)/8. Suppose 2*w - 73 = -11. Suppose -w = i - g*i. Is i composite?
False
Let u be 1 - 5/(15/(-228)). Suppose 991 = -4*j - u. Is (-4)/12*(j + 0) a composite number?
False
Suppose -3*c + 9 = -0*c. Suppose 0 = 5*x - c*t - 60 - 287, 0 = -x + 5*t + 87. Is 4*2/(-4) + x a composite number?
True
Suppose -3*y = -8*y. Suppose y*q - 6 = -3*q. Is q prime?
True
Suppose 8824 = -23*n + 31*n. Is n a composite number?
False
Let f(p) = p**3 + 6*p**2 + 3*p + 6. Let g be f(-6). Suppose -2*u - 4*c = u + 4, -u + 4*c - 28 = 0. Is 2/u + (-135)/g a composite number?
False
Is (4/10)/(4/18010) a prime number?
True
Let k = -5 - -6. Suppose 4 = -i - k. Is 72 - (i + 3/1) composite?
True
Suppose 3*l + 145 = -2*l. Let w = l + 43. Is w a prime number?
False
Is (2/3)/((-41988)/20997 - -2) composite?
False
Let f = 2 + -12. Let i(d) = d**2 + 17*d + 2. Let v be i(f). Let x = v - -103. Is x a prime number?
False
Suppose 5*b + 40 = -0*b. Let h(m) = 6*m + 14. Let t be h(-7). Is t*2/b*7 a composite number?
True
Suppose 0 = 3*r + 3, -t - 2 = 5*r + 1. Suppose 206 + 24 = t*b. Is b a prime number?
False
Let z(r) = 2*r - 3. Let w be z(9). Let g(o) = 12*o + 11. Is g(w) a prime number?
True
Let k(m) = 2*m**2 + 30*m + 13. Is k(-20) composite?
True
Let n = -58 - -395. Is n composite?
False
Let d(b) = -14*b - 15*b - 1 + 3*b + 0*b. Is d(-2) prime?
False
Let j(v) = 2993*v + 6. Is j(1) a composite number?
False
Let n be 75/2 + 2/4. Let h = n + -24. Let d = h - 8. Is d a composite number?
True
Suppose -i = 2*i - 18. Let h be i*1/6*3. Suppose 0 = -4*f - 5*g + 194, -h*f + 140 = -0*f + g. Is f a prime number?
False
Let n = 2802 - 1483. Is n prime?
True
Let i be -14*-1*5/1. Let r be (-1)/1 + 2/2. Suppose -2*l = -r*l - i. Is l a prime number?
False
Suppose 2*w = -2*t + 6590, 0 = 3*t - 0*w - w - 9877. Is t a prime number?
False
Let p(b) = 1 + 3 - 26*b - 23*b. Let x be p(-3). Suppose -4*v + x = 5*c, -c = -2 - 1. Is v composite?
True
Let c(l) = -l**3 - l**2 + 8*l - 10. Let o be c(-7). Let u = o - 7. Is u a prime number?
False
Suppose 0*t + 4*t = 836. Let k = 396 - t. Is k prime?
False
Let b be 336/(-15) - (-4)/10. Let m = 59 + b. Is m prime?
True
Let p(v) = v**3 + 10*v**2 - 17*v - 11. Let b be (-2)/(2/33)*-1. Let l be 3/(27/(-3))*b. Is p(l) a prime number?
False
Let z(w) = w + 2*w**2 - 22*w**3 + 0*w**2 - w**2 - 13*w**3. Suppose 0*h + 5*h = -5. Is z(h) a composite number?
True
Let u(n) = n**3 + 8*n**2 - 5*n + 5. Let h = -4 - 3. Is u(h) a composite number?
False
Suppose 25*s - 30*s + 890 = 0. Is s a prime number?
False
Suppose l - 3*l = -3*p + 2078, 4*l - 8 = 0. Is p a composite number?
True
Let p = -11 - -98. Is p a prime number?
False
Suppose 0 = -6*s - s - 224. Let z = 83 + s. Is z a prime number?
False
Let p = 0 + 0. Suppose -r + 4*d + 45 = p, 4*r - 150 = r - 3*d. Let m = r - 12. Is m a prime number?
True
Let i(u) = 2*u. Let h(l) = -l + 1. Let a(m) = -5*h(m) - i(m). Is a(6) a prime number?
True
Suppose d + 89 = 3*l, -67 = 4*d - l + 300. Let i = 135 + d. Is i prime?
True
Suppose -768 = 12*r - 5832. Is r prime?
False
Let o = 3 - 2. Suppose u - 6 = -r, -5*u - 5 = -4*r + o. Is r a prime number?
False
Suppose 7*v - 40 = 2*v. Is 26/v - (-15)/20 a prime number?
False
Let z(m) = -4*m**3 - 2*m**2 + 6*m + 11. Is z(-7) a prime number?
False
Suppose 462 = -6*w + 12*w. Is w composite?
True
Suppose -4*c + 4 = -2*c. Suppose 5*s + t = 11, -s = -2*s + c*t. Suppose 2*d - 5*m + m = 326, s*d = 5*m + 326. Is d a composite number?
False
Suppose 2*w + 3*w - 18 = -g, -w - g = -6. Suppose w*j = 5*y + 412, 4*j + 2*y - 521 = 3*y. Is j a composite number?
True
Suppose -1 = -2*a + 7. Suppose 2*n - a*n = -424. Suppose 5*c - c = n. Is c prime?
True
Suppose -1294 = -5*b + 3*b. Is b prime?
True
Suppose 5*s = -v + 45, 5*v - 4*s - 100 = 270. Suppose v = 2*l - 72. Is l prime?
True
Let i = -4 + -1. Let y be i + (1 - 2)*1. Let w(z) = z**2 + 1. Is w(y) a prime number?
True
Let v = -1 + 2. Suppose v = 4*o - 55. Let m = o + 113. Is m a composite number?
False
Suppose 30 - 1687 = -h. Is h a prime number?
True
Let t(u) = u**3 - 8*u**2 + 2. Let o be t(8). Is (79/o)/((-12)/(-24)) composite?
False
Let u(w) = 1 + 0 + 3 - w**2 - 5*w. Is u(-5) composite?
True
Suppose 0 = 3*y - 0 + 3. Is y*(1 + -2) + 210 composite?
False
Let r(m) = -m**3 - m**2 - 2*m + 2. Let v be r(-3). Suppose -4*x + 66 - v = 0. Is x a prime number?
False
Suppose 5*i = 4 - 9. Let l(j) = -201*j + 2. Is l(i) a prime number?
False
Let a(b) = -22*b + 25. Is a(-9) a prime number?
True
Let b = -16 + 17. Is 1/(b/(-537)*-3) a prime number?
True
Let g(k) = 33*k - 3. Let t be g(-4). Let p = -68 - t. Is p composite?
False
Suppose -5*c + 3370 = 5*w, 0 = -0*c + c + 5*w - 654. Is c composite?
True
Is (-20172)/(-24) - (-1)/2 a prime number?
False
Suppose -8 = -2*d - 2*d. Is d/(-3) + (-141)/(-9) a composite number?
True
Let h(j) = 91*j - 7. Let q be h(5). Suppose -212 = 2*n - 6*s + s, -4*s = -4*n - q. Let b = -81 - n. Is b a composite number?
True
Let u = 736 + -514. Let w = u + 701. Is w a composite number?
True
Suppose k - 354 = 2*w, -3*k + 726 = -k + 5*w. Is k/4*(2 + 0) a composite number?
False
Let g(y) = -48*y**2 + 4*y + 1. Let j(s) = s**3 - 6*s**2 - 6. Let d be j(6). Let l(w) = -w. Let x(k) = d*l(k) - g(k). Is x(1) prime?
False
Suppose 5*b - 3*h + 3 = 0, 4 = 4*b - 0*h + 4*h. Suppose -3*v = -b*v - 24. Suppose v*p = 3*p + 615. Is p a prime number?
False
Let k = -6 - -7. Suppose -4*n + 749 = k. Is n prime?
False
Suppose 0 = -l, 205 = -4*i - 5*l + 801. Is i prime?
True
Suppose -5*j + 4*j + 79 = 0. Suppose j = -0*l + l + 3*m, 4*l + 3*m = 280. Is l a prime number?
True
Let r = -18 - -11. Let k(d) = -11*d - 8. Is k(r) composite?
True
Suppose 2*n - 934 = 4*l, -n + l - 2*l + 479 = 0. Suppose n = 5*q - 0*q. Is q a prime number?
False
Suppose 0*h - 2*h = 5*n - 30, 4*n = h + 37. Is (-476)/(-3) - n/12 composite?
True
Let m(l) = -l**3 - 3*l**2 - 4*l + 5. Is m(-4) a prime number?
True
Let b(i) = 3*i**2 + 6*i - 2. Is b(-5) a composite number?
False
Let q = -619 - -1496. Is q composite?
False
Suppose 0 = 3*l - l - 154. Is l a prime number?
False
Suppose 561 - 59 = 2*v. Is v a composite number?
False
Suppose 0 = 4*w + 2 - 10. Is w/4*(0 - -28) a prime number?
False
Let r(b) = b**3 + b**2 + 4. Suppose -7*g = -2*g. Let y be r(g). Suppose 15 = l - y*i, 0*l + l + 3*i = 50. Is l prime?
False
Suppose 2*g - y - 1321 = -0*g, 0 = g - 2*y - 656. Is g composite?
True
Suppose t + n = -0*n + 319, 5*t = -4*n + 1595. Is t a prime number?
False
Let u(n) = 22*n**2 + 3*n + 4. Is u(3) a prime number?
True
Let t(u) = 27*u**3 - 3*u**2 - u - 5. Is t(3) prime?
False
Is (-1770)/(-8) + (-4)/16 composite?
True
Suppose 0*w - 25 = -5*w. Is 182 + 1 + -3 + w composite?
True
Let k(a) = a**3 + 2*a - 1. Let x be k(2). Suppose 10 = 2*z + 4*n - 3*n, -5*z + x = -n. Suppose -2*h - 19 = -z*h. Is h a composite number?
False
Let u(o) = o**3 + 4*o**2 + 2*o - 1. Let z be u(-3). Suppose -4*x + 130 = -z*x. Is x a prime number?
False
Suppose -2*v + 7 = -n, -3*v = 2*n - 13 - 8. Suppose 2*s - 21 = -5*o, -2*s - n*s = -5*o. Is (-5481)/(-9)*1/o composite?
True
Let g(p) = -4*p**3 + 4*p**2 - 6*p - 3. Is g(-4) a composite number?
True
Suppose 3*r - 3059 - 12538 = 0. Is r prime?
False
Let h(w) = w**3 + 8*w**2 + 7*w + 4. Let b be h(-6). Suppose -b - 29 = -3*f. Is f prime?
False
Let y be (-152)/(-7) - 4/(-14). Let r = 75 + -108. Let l = y - r. Is l a composite number?
True
Suppose p = 4*p + 12. Let c = 9 + p. Suppose 4*i = -7*n + 3*n + 320, -c*n - 195 = -2*i. Is i a composite number?
True
Let v(r) = 2*r**3 - 2*r**2 - r - 1. Let g be v(2). Suppose -g*w - 21 = -731. Suppose -4*a - 68 = -2*p, -2*p + 3*a = 3*p - w. Is p composite?
True
Suppose -5*x + 11410 + 3025 = 0. Is x a composite number?
False
Let u = -1917 + 3416. Is u prime?
True
Let v(o) = o + 1. Let h be v(-5). Let b = 39 - 28. Let u = h + b. Is u a prime number?
True
Let k = -144 - -581. Is k a c